{"id":112,"date":"2021-12-16T10:23:43","date_gmt":"2021-12-16T09:23:43","guid":{"rendered":"https:\/\/www.club-mouche-languedoc.fr\/?page_id=112"},"modified":"2021-12-19T09:36:31","modified_gmt":"2021-12-19T08:36:31","slug":"presentation","status":"publish","type":"page","link":"https:\/\/www.club-mouche-languedoc.fr\/index.php\/presentation\/","title":{"rendered":"Pr\u00e9sentation&#8230;"},"content":{"rendered":"\n<p class=\"has-drop-cap\">L\u2019apprentissage du lancer dans la p\u00eache \u00e0 la mouche est primordial et la plupart des novices qui d\u00e9butent seuls ou dans un cadre non structur\u00e9 se d\u00e9couragent tr\u00e8s vite. Il est imp\u00e9ratif de commencer aux c\u00f4t\u00e9s de gens form\u00e9s pour enseigner la technique de lancer.<\/p>\n\n\n\n<p>Le \u00ab\u00a0<strong>lancer fran\u00e7ais<\/strong>\u00a0\u00bb est\u00a0adopt\u00e9 par la <strong>commission \u00ab\u00a0Mouche\u00a0\u00bb<\/strong> de la F\u00e9d\u00e9ration Fran\u00e7aise de P\u00eache Sportive (la <strong>FFPS<\/strong>)et est enseign\u00e9 aux moniteurs et initiateurs afin d\u2019\u00eatre retransmise de fa\u00e7on identique au sein des diff\u00e9rents clubs affili\u00e9s.<\/p>\n\n\n\n<p>Il s&rsquo;agit d&rsquo;une technique mise au point par <strong><em>Mr Jan ASTIER<\/em><\/strong>. La particularit\u00e9 du lancer fran\u00e7ais est la composante \u00ab\u00a0<strong>lin\u00e9aire<\/strong>\u00ab\u00a0. <br>L\u00e0 o\u00f9 la plupart des lancers existants insistent sur la rotation de la canne, le lancer lin\u00e9aire pr\u00e9conise un \u00ab\u00a0<strong>chemin de lancer<\/strong>\u00a0\u00bb lin\u00e9aire qui induit une boucle de soie plus serr\u00e9e am\u00e9liorant la pr\u00e9cision et le d\u00e9roul\u00e9 du bas de ligne.<\/p>\n\n\n\n<p>Les <strong>initiateurs du club<\/strong> sont form\u00e9s pour enseigner cette technique.<\/p>\n\n\n\n<p>Cet apprentissage du lancer permet de propulser et de poser avec pr\u00e9cision un leurre tr\u00e8s l\u00e9ger (une mouche) \u00e0 bonne distance. Les plus l\u00e9g\u00e8res de ces mouches artificielles ne d\u00e9passent pas le dixi\u00e8me de gramme&#8230;   <\/p>\n\n\n\n<p>Pour apprendre \u00e0 fabriquer soi-m\u00eame ses mouches, le club organise des <strong>s\u00e9ances de montage<\/strong>.  <br>Une \u00ab&nbsp;mouche du jour&nbsp;\u00bb est propos\u00e9e \u00e0 chaque s\u00e9ance. La s\u00e9ance d\u00e9bute par une pr\u00e9sentation entomologique de cette mouche, la description des milieux et des p\u00e9riodes de l\u2019ann\u00e9e ou elle peut \u00eatre trouv\u00e9e. En fonction du mod\u00e8le r\u00e9alis\u00e9, des conseils d\u2019utilisation sont \u00e9galement donn\u00e9s.<br>Chaque montage fait l\u2019objet d\u2019une fiche r\u00e9alis\u00e9e par des membres du club, int\u00e9grant les aspects entomologie, p\u00eache et montage.<\/p>\n\n\n\n<p>Des mod\u00e8les simples sont propos\u00e9s pour que les d\u00e9butants acqui\u00e8rent les techniques de base de la fabrication des mouches ou pour que les plus exp\u00e9riment\u00e9s revoient leurs classiques.<br>Des mod\u00e8les plus sophistiqu\u00e9s ou techniquement plus difficiles sont \u00e9galement propos\u00e9s pour les plus aguerris.<\/p>\n\n\n\n<p>Des <strong>sorties <\/strong>sont \u00e9galement organis\u00e9es tout au long de l&rsquo;ann\u00e9e, <strong>\u00e0 la journ\u00e9e<\/strong> sur les rivi\u00e8res et r\u00e9servoirs proches, ou <strong>sur un weekend<\/strong> pour des destinations plus \u00e9loign\u00e9es.<\/p>\n","protected":false},"excerpt":{"rendered":"<p>L\u2019apprentissage du lancer dans la p\u00eache \u00e0 la mouche est primordial et la plupart des novices qui d\u00e9butent seuls ou dans un cadre non structur\u00e9 se d\u00e9couragent tr\u00e8s vite. Il est imp\u00e9ratif de commencer aux c\u00f4t\u00e9s de gens form\u00e9s pour enseigner la technique de lancer. Le \u00ab\u00a0lancer fran\u00e7ais\u00a0\u00bb est\u00a0adopt\u00e9 par la commission \u00ab\u00a0Mouche\u00a0\u00bb de la &hellip; <\/p>\n<p class=\"link-more\"><a href=\"https:\/\/www.club-mouche-languedoc.fr\/index.php\/presentation\/\" class=\"more-link\">Continuer la lecture<span class=\"screen-reader-text\"> de &laquo;&nbsp;Pr\u00e9sentation&#8230;&nbsp;&raquo;<\/span><\/a><\/p>\n","protected":false},"author":1,"featured_media":0,"parent":0,"menu_order":0,"comment_status":"closed","ping_status":"closed","template":"","meta":{"footnotes":""},"class_list":["post-112","page","type-page","status-publish","hentry"],"_links":{"self":[{"href":"https:\/\/www.club-mouche-languedoc.fr\/index.php\/wp-json\/wp\/v2\/pages\/112","targetHints":{"allow":["GET"]}}],"collection":[{"href":"https:\/\/www.club-mouche-languedoc.fr\/index.php\/wp-json\/wp\/v2\/pages"}],"about":[{"href":"https:\/\/www.club-mouche-languedoc.fr\/index.php\/wp-json\/wp\/v2\/types\/page"}],"author":[{"embeddable":true,"href":"https:\/\/www.club-mouche-languedoc.fr\/index.php\/wp-json\/wp\/v2\/users\/1"}],"replies":[{"embeddable":true,"href":"https:\/\/www.club-mouche-languedoc.fr\/index.php\/wp-json\/wp\/v2\/comments?post=112"}],"version-history":[{"count":4,"href":"https:\/\/www.club-mouche-languedoc.fr\/index.php\/wp-json\/wp\/v2\/pages\/112\/revisions"}],"predecessor-version":[{"id":323,"href":"https:\/\/www.club-mouche-languedoc.fr\/index.php\/wp-json\/wp\/v2\/pages\/112\/revisions\/323"}],"wp:attachment":[{"href":"https:\/\/www.club-mouche-languedoc.fr\/index.php\/wp-json\/wp\/v2\/media?parent=112"}],"curies":[{"name":"wp","href":"https:\/\/api.w.org\/{rel}","templated":true}]}}