{"id":1020,"date":"2022-12-22T16:59:52","date_gmt":"2022-12-22T15:59:52","guid":{"rendered":"https:\/\/www.club-mouche-languedoc.fr\/?page_id=1020"},"modified":"2026-01-22T13:15:35","modified_gmt":"2026-01-22T12:15:35","slug":"documents-officiels-du-club","status":"publish","type":"page","link":"https:\/\/www.club-mouche-languedoc.fr\/index.php\/documents-officiels-du-club\/","title":{"rendered":"Documents officiels du club"},"content":{"rendered":"\n<p>Vous trouverez ci-dessous les diff\u00e9rents documents officiels du club<\/p>\n\n\n\n<h2 class=\"wp-block-heading has-white-color has-vivid-cyan-blue-background-color has-text-color has-background\">Documents officiels CML<\/h2>\n\n\n\n<figure class=\"wp-block-table is-style-regular\"><table><tbody><tr><td><a href=\"https:\/\/drive.google.com\/file\/d\/1TkaLXx21AuhYvpKt2uDVUpvkxUrAnOjc\/view?usp=sharing\" target=\"_blank\" rel=\"noreferrer noopener\">Statuts du club en date du 14 d\u00e9cembre 2025<\/a><\/td><\/tr><tr><td><a href=\"https:\/\/drive.google.com\/file\/d\/19Wi2YcVABHeg9oyMicXh1P7_didPqJ5o\/view?usp=sharing\" target=\"_blank\" rel=\"noreferrer noopener\">R\u00e8glement int\u00e9rieur du club en date du 14 D\u00e9cembre 2025<\/a><\/td><\/tr><tr><td><a href=\"https:\/\/drive.google.com\/file\/d\/1FhY5cpEn5c4vHL2Rtno74UF6IVyBZwo9\/view?usp=sharing\" target=\"_blank\" rel=\"noreferrer noopener\">Membres du conseil d&rsquo;administration, du bureau<\/a><\/td><\/tr><tr><td><a href=\"https:\/\/drive.google.com\/file\/d\/1E56pewv6tz_Ua_9gTbOdMQ8Yb9fl5NlR\/view?usp=sharing\" target=\"_blank\" rel=\"noreferrer noopener\">Attestation de domiciliation du club<\/a><\/td><\/tr><tr><td><a href=\"https:\/\/drive.google.com\/file\/d\/1xR0H3PKb40yL0T12HJat9BlGNnQZ9mk7\/view?usp=share_link\" target=\"_blank\" rel=\"noreferrer noopener\">R\u00e9c\u00e9piss\u00e9 de d\u00e9claration de modification des statuts et du si\u00e8ge social du club <\/a><\/td><\/tr><tr><td><a href=\"https:\/\/drive.google.com\/file\/d\/1tAC8r9IQaYFTSs9V_eJlTR6vyHMX7aCl\/view?usp=sharing\" target=\"_blank\" rel=\"noreferrer noopener\">R\u00e9c\u00e9piss\u00e9 de d\u00e9claration de modification des dirigeants du club<\/a><\/td><\/tr><tr><td><a href=\"https:\/\/drive.google.com\/file\/d\/1fahJYilqiSaNwuBT8GV5o_3PwVmEQnsH\/view?usp=sharing\" target=\"_blank\" rel=\"noreferrer noopener\">Avis de situation au r\u00e9pertoire SIRENE<\/a><\/td><\/tr><tr><td><\/td><\/tr><tr><td><a href=\"https:\/\/drive.google.com\/file\/d\/17ScCavgWNJ3VinvHu2CIybQ8mJm5h01z\/view?usp=sharing\" target=\"_blank\" rel=\"noreferrer noopener\">Attestation d&rsquo;assurance club FFPS 2024<\/a> <\/td><\/tr><tr><td>Assurance club (<a href=\"https:\/\/drive.google.com\/file\/d\/1f6LI18NYbWyCFqIztPA_l12dJbn2Azla\/view?usp=sharing\" target=\"_blank\" rel=\"noreferrer noopener\">attestation<\/a>, <a href=\"https:\/\/drive.google.com\/file\/d\/154bfMa-DdDSqrkDHdPpwtgC57MdyT8dz\/view?usp=sharing\" target=\"_blank\" rel=\"noreferrer noopener\">contrat<\/a>)<\/td><\/tr><\/tbody><\/table><\/figure>\n\n\n\n<h2 class=\"wp-block-heading has-white-color has-vivid-cyan-blue-background-color has-text-color has-background\">Inventaire mat\u00e9riel du club<\/h2>\n\n\n\n<figure class=\"wp-block-table is-style-regular\"><table><tbody><tr><td><a href=\"https:\/\/drive.google.com\/file\/d\/1LpQzO-PNJxTPnNl797ua3rkkLuxoy2TK\/view?usp=sharing\" target=\"_blank\" rel=\"noreferrer noopener\">Inventaire<\/a><\/td><\/tr><\/tbody><\/table><\/figure>\n\n\n\n<h2 class=\"wp-block-heading has-white-color has-vivid-cyan-blue-background-color has-text-color has-background\">Assembl\u00e9e g\u00e9n\u00e9rale mixte 2025<\/h2>\n\n\n\n<figure class=\"wp-block-table\"><table><tbody><tr><td><a href=\"https:\/\/club-mouche-languedoc.frama.space\/s\/kRNwZrebRMeWECK\" target=\"_blank\" rel=\"noreferrer noopener\">Compte rendu<\/a><\/td><\/tr><tr><td><a href=\"https:\/\/drive.google.com\/file\/d\/1dj6fEdcBZhXsDNpikjSx94P23fR7dnEJ\/view?usp=sharing\" target=\"_blank\" rel=\"noreferrer noopener\">Proc\u00e8s verbal d&rsquo;AG ordinaire<\/a><\/td><\/tr><tr><td><a href=\"https:\/\/drive.google.com\/file\/d\/1QyFolMyDemv-Cz4i5VRrWZDgk4FE6F36\/view?usp=sharing\" target=\"_blank\" rel=\"noreferrer noopener\">Proc\u00e8s verbal d&rsquo;AG extraordinaire<\/a><\/td><\/tr><tr><td><a href=\"https:\/\/drive.google.com\/file\/d\/1yGxlocl9QfSuCmkzIdQ2A48ohNzI16Wk\/view?usp=sharing\" target=\"_blank\" rel=\"noreferrer noopener\">Ordre du jour<\/a><\/td><\/tr><tr><td><a href=\"https:\/\/drive.google.com\/file\/d\/1Py5w4JSTd7dgaXMcYqNB56t7j5BI2LOO\/view?usp=sharing\" target=\"_blank\" rel=\"noreferrer noopener\">Rapport moral de l&rsquo;association<\/a><\/td><\/tr><tr><td>Comptes : Bilan financier 2025 et <a href=\"https:\/\/drive.google.com\/file\/d\/1MogLXiRdwF3I9_u_nc0ivQJLDuGPh9mM\/view?usp=sharing\" target=\"_blank\" rel=\"noreferrer noopener\">Pr\u00e9visionnel 2026<\/a><\/td><\/tr><\/tbody><\/table><\/figure>\n\n\n\n<h2 class=\"wp-block-heading has-white-color has-vivid-cyan-blue-background-color has-text-color has-background\">Assembl\u00e9e g\u00e9n\u00e9rale ordinaire 2024<\/h2>\n\n\n\n<figure class=\"wp-block-table\"><table><tbody><tr><td><a href=\"https:\/\/drive.google.com\/file\/d\/142vv1hi4d6zELIjJ7Swsnht1HRtm7xhB\/view?usp=sharing\" target=\"_blank\" rel=\"noreferrer noopener\">Compte rendu<\/a><\/td><\/tr><tr><td><a href=\"https:\/\/drive.google.com\/file\/d\/1O30dZXCdvUJUBxzc8jWCFCDtFrBc9kUf\/view?usp=sharing\" target=\"_blank\" rel=\"noreferrer noopener\">Ordre du jour<\/a><\/td><\/tr><tr><td><a href=\"https:\/\/drive.google.com\/file\/d\/1I7afTCJEaexaF9I5aaakagpPGyyvMJ2l\/view?usp=sharing\" target=\"_blank\" rel=\"noreferrer noopener\">Rapport moral de l&rsquo;association<\/a><\/td><\/tr><tr><td>Comptes : <a href=\"https:\/\/drive.google.com\/file\/d\/1xDqSufGop8Qm89aqHc_TPP1xAS2EwdGh\/view?usp=sharing\" target=\"_blank\" rel=\"noreferrer noopener\">Bilan financier 2024<\/a> et <a href=\"https:\/\/drive.google.com\/file\/d\/1ieJMdnMcOuk5tXKoH4JqXCjEp2-MdnAE\/view?usp=sharing\" target=\"_blank\" rel=\"noreferrer noopener\">Pr\u00e9visionnel 2025<\/a><\/td><\/tr><\/tbody><\/table><\/figure>\n\n\n\n<h2 class=\"wp-block-heading has-white-color has-vivid-cyan-blue-background-color has-text-color has-background\">Assembl\u00e9e g\u00e9n\u00e9rale ordinaire 2023<\/h2>\n\n\n\n<figure class=\"wp-block-table\"><table><tbody><tr><td><a href=\"https:\/\/drive.google.com\/file\/d\/1wrp4AXyd09PJzJtxPvGpasTh_xfx4CZ8\/view?usp=sharing\">Compte rendu<\/a><\/td><\/tr><tr><td><a href=\"https:\/\/drive.google.com\/file\/d\/1vsjlLoseRb8-hYmwidssRdXf_ORn9Up0\/view?usp=sharing\" target=\"_blank\" rel=\"noreferrer noopener\">Ordre du jour<\/a><\/td><\/tr><tr><td><a href=\"https:\/\/drive.google.com\/file\/d\/13qavQ-CoaM-GOvkpYcxwwLTWJzfmpjLa\/view?usp=sharing\" target=\"_blank\" rel=\"noreferrer noopener\">Rapport moral de l&rsquo;association<\/a><\/td><\/tr><tr><td><a href=\"https:\/\/drive.google.com\/file\/d\/1bStteS5pu2rB-gMU5-F8naVWbDZbgRbl\/view?usp=sharing\" target=\"_blank\" rel=\"noreferrer noopener\">Rapport des commission Montage et casting<\/a><\/td><\/tr><tr><td><a href=\"https:\/\/drive.google.com\/file\/d\/1bmVukZoRGh_OWZAxjWgUzev1es91yXPB\/view?usp=sharing\" target=\"_blank\" rel=\"noreferrer noopener\">Rapport de la commission Environnement<\/a><\/td><\/tr><tr><td>Comptes : <a href=\"https:\/\/drive.google.com\/file\/d\/1DJV2cEtt0zTusVzBaSeUXsuco2EQ0Pa2\/view?usp=sharing\" target=\"_blank\" rel=\"noreferrer noopener\">Bilan financier 2023<\/a> <\/td><\/tr><\/tbody><\/table><\/figure>\n\n\n\n<h2 class=\"wp-block-heading has-white-color has-vivid-cyan-blue-background-color has-text-color has-background\">Assembl\u00e9e g\u00e9n\u00e9rale ordinaire 2022<\/h2>\n\n\n\n<figure class=\"wp-block-table\"><table><tbody><tr><td><a href=\"https:\/\/drive.google.com\/file\/d\/1moF3L7vr2S-1V6MxuRLV_E_F8IwHpbDc\/view?usp=sharing\" target=\"_blank\" rel=\"noreferrer noopener\">Compte rendu <\/a><\/td><\/tr><tr><td><a href=\"https:\/\/drive.google.com\/file\/d\/1Lvjq0KMW9yoDbxG57yE1d-bAzvolIDat\/view?usp=sharing\" target=\"_blank\" rel=\"noreferrer noopener\">Ordre du jour<\/a><\/td><\/tr><tr><td><a href=\"https:\/\/drive.google.com\/file\/d\/1edxF5uqnACoaLnpxxzDTV4FyBz_ZvUSA\/view?usp=sharing\" target=\"_blank\" rel=\"noreferrer noopener\">Rapport moral de l&rsquo;association<\/a><\/td><\/tr><tr><td><a href=\"https:\/\/drive.google.com\/file\/d\/1UoXOlRSkIiTFhA5smhudNNvH-CeBtMjn\/view?usp=sharing\" target=\"_blank\" rel=\"noreferrer noopener\">Rapport du secr\u00e9taire<\/a><\/td><\/tr><tr><td>Comptes : <a href=\"https:\/\/drive.google.com\/file\/d\/11IuOgoHtgVRB_p1R-vaf7In9qGBxHr8e\/view?usp=sharing\" target=\"_blank\" rel=\"noreferrer noopener\">Bilan 2022<\/a>,  <a href=\"https:\/\/drive.google.com\/file\/d\/11b__TYqJdO8gj4qC3I6XFDWbnITLYFUg\/view?usp=sharing\" target=\"_blank\" rel=\"noreferrer noopener\">Pr\u00e9visionnel 2023<\/a>, <a href=\"https:\/\/drive.google.com\/file\/d\/1ZW-CAHiC82RpFin2e9LPpeoAbriVht1F\/view?usp=sharing\" target=\"_blank\" rel=\"noreferrer noopener\">Finances du club<\/a>  <\/td><\/tr><\/tbody><\/table><\/figure>\n\n\n\n<h2 class=\"wp-block-heading has-white-color has-vivid-cyan-blue-background-color has-text-color has-background\">Assembl\u00e9es g\u00e9n\u00e9rales pr\u00e9c\u00e9dentes<\/h2>\n\n\n\n<figure class=\"wp-block-table\"><table><tbody><tr><td><a href=\"https:\/\/drive.google.com\/file\/d\/1JLlG6VccJD_iwM76xcBi-58fwx33YJMW\/view?usp=sharing\" target=\"_blank\" rel=\"noreferrer noopener\">Compte rendu de l&rsquo;assembl\u00e9e g\u00e9n\u00e9rale du 4 d\u00e9cembre 2021<\/a><\/td><\/tr><\/tbody><\/table><\/figure>\n","protected":false},"excerpt":{"rendered":"<p>Vous trouverez ci-dessous les diff\u00e9rents documents officiels du club Documents officiels CML Statuts du club en date du 14 d\u00e9cembre 2025 R\u00e8glement int\u00e9rieur du club en date du 14 D\u00e9cembre 2025 Membres du conseil d&rsquo;administration, du bureau Attestation de domiciliation du club R\u00e9c\u00e9piss\u00e9 de d\u00e9claration de modification des statuts et du si\u00e8ge social du club &hellip; <\/p>\n<p class=\"link-more\"><a href=\"https:\/\/www.club-mouche-languedoc.fr\/index.php\/documents-officiels-du-club\/\" class=\"more-link\">Continuer la lecture<span class=\"screen-reader-text\"> de &laquo;&nbsp;Documents officiels du club&nbsp;&raquo;<\/span><\/a><\/p>\n","protected":false},"author":1,"featured_media":0,"parent":0,"menu_order":0,"comment_status":"closed","ping_status":"closed","template":"","meta":{"footnotes":""},"class_list":["post-1020","page","type-page","status-publish","hentry"],"_links":{"self":[{"href":"https:\/\/www.club-mouche-languedoc.fr\/index.php\/wp-json\/wp\/v2\/pages\/1020","targetHints":{"allow":["GET"]}}],"collection":[{"href":"https:\/\/www.club-mouche-languedoc.fr\/index.php\/wp-json\/wp\/v2\/pages"}],"about":[{"href":"https:\/\/www.club-mouche-languedoc.fr\/index.php\/wp-json\/wp\/v2\/types\/page"}],"author":[{"embeddable":true,"href":"https:\/\/www.club-mouche-languedoc.fr\/index.php\/wp-json\/wp\/v2\/users\/1"}],"replies":[{"embeddable":true,"href":"https:\/\/www.club-mouche-languedoc.fr\/index.php\/wp-json\/wp\/v2\/comments?post=1020"}],"version-history":[{"count":28,"href":"https:\/\/www.club-mouche-languedoc.fr\/index.php\/wp-json\/wp\/v2\/pages\/1020\/revisions"}],"predecessor-version":[{"id":2597,"href":"https:\/\/www.club-mouche-languedoc.fr\/index.php\/wp-json\/wp\/v2\/pages\/1020\/revisions\/2597"}],"wp:attachment":[{"href":"https:\/\/www.club-mouche-languedoc.fr\/index.php\/wp-json\/wp\/v2\/media?parent=1020"}],"curies":[{"name":"wp","href":"https:\/\/api.w.org\/{rel}","templated":true}]}}

<p>Vous trouverez ci-dessous les différents documents officiels du club</p>



<h2 class="wp-block-heading has-white-color has-vivid-cyan-blue-background-color has-text-color has-background">Documents officiels CML</h2>



<figure class="wp-block-table is-style-regular"><table><tbody><tr><td><a href="https://drive.google.com/file/d/1TkaLXx21AuhYvpKt2uDVUpvkxUrAnOjc/view?usp=sharing" target="_blank" rel="noreferrer noopener">Statuts du club en date du 14 décembre 2025</a></td></tr><tr><td><a href="https://drive.google.com/file/d/19Wi2YcVABHeg9oyMicXh1P7_didPqJ5o/view?usp=sharing" target="_blank" rel="noreferrer noopener">Règlement intérieur du club en date du 14 Décembre 2025</a></td></tr><tr><td><a href="https://drive.google.com/file/d/1FhY5cpEn5c4vHL2Rtno74UF6IVyBZwo9/view?usp=sharing" target="_blank" rel="noreferrer noopener">Membres du conseil d&rsquo;administration, du bureau</a></td></tr><tr><td><a href="https://drive.google.com/file/d/1E56pewv6tz_Ua_9gTbOdMQ8Yb9fl5NlR/view?usp=sharing" target="_blank" rel="noreferrer noopener">Attestation de domiciliation du club</a></td></tr><tr><td><a href="https://drive.google.com/file/d/1xR0H3PKb40yL0T12HJat9BlGNnQZ9mk7/view?usp=share_link" target="_blank" rel="noreferrer noopener">Récépissé de déclaration de modification des statuts et du siège social du club </a></td></tr><tr><td><a href="https://drive.google.com/file/d/1tAC8r9IQaYFTSs9V_eJlTR6vyHMX7aCl/view?usp=sharing" target="_blank" rel="noreferrer noopener">Récépissé de déclaration de modification des dirigeants du club</a></td></tr><tr><td><a href="https://drive.google.com/file/d/1fahJYilqiSaNwuBT8GV5o_3PwVmEQnsH/view?usp=sharing" target="_blank" rel="noreferrer noopener">Avis de situation au répertoire SIRENE</a></td></tr><tr><td></td></tr><tr><td><a href="https://drive.google.com/file/d/17ScCavgWNJ3VinvHu2CIybQ8mJm5h01z/view?usp=sharing" target="_blank" rel="noreferrer noopener">Attestation d&rsquo;assurance club FFPS 2024</a> </td></tr><tr><td>Assurance club (<a href="https://drive.google.com/file/d/1f6LI18NYbWyCFqIztPA_l12dJbn2Azla/view?usp=sharing" target="_blank" rel="noreferrer noopener">attestation</a>, <a href="https://drive.google.com/file/d/154bfMa-DdDSqrkDHdPpwtgC57MdyT8dz/view?usp=sharing" target="_blank" rel="noreferrer noopener">contrat</a>)</td></tr></tbody></table></figure>



<h2 class="wp-block-heading has-white-color has-vivid-cyan-blue-background-color has-text-color has-background">Inventaire matériel du club</h2>



<figure class="wp-block-table is-style-regular"><table><tbody><tr><td><a href="https://drive.google.com/file/d/1LpQzO-PNJxTPnNl797ua3rkkLuxoy2TK/view?usp=sharing" target="_blank" rel="noreferrer noopener">Inventaire</a></td></tr></tbody></table></figure>



<h2 class="wp-block-heading has-white-color has-vivid-cyan-blue-background-color has-text-color has-background">Assemblée générale mixte 2025</h2>



<figure class="wp-block-table"><table><tbody><tr><td><a href="https://club-mouche-languedoc.frama.space/s/kRNwZrebRMeWECK" target="_blank" rel="noreferrer noopener">Compte rendu</a></td></tr><tr><td><a href="https://drive.google.com/file/d/1dj6fEdcBZhXsDNpikjSx94P23fR7dnEJ/view?usp=sharing" target="_blank" rel="noreferrer noopener">Procès verbal d&rsquo;AG ordinaire</a></td></tr><tr><td><a href="https://drive.google.com/file/d/1QyFolMyDemv-Cz4i5VRrWZDgk4FE6F36/view?usp=sharing" target="_blank" rel="noreferrer noopener">Procès verbal d&rsquo;AG extraordinaire</a></td></tr><tr><td><a href="https://drive.google.com/file/d/1yGxlocl9QfSuCmkzIdQ2A48ohNzI16Wk/view?usp=sharing" target="_blank" rel="noreferrer noopener">Ordre du jour</a></td></tr><tr><td><a href="https://drive.google.com/file/d/1Py5w4JSTd7dgaXMcYqNB56t7j5BI2LOO/view?usp=sharing" target="_blank" rel="noreferrer noopener">Rapport moral de l&rsquo;association</a></td></tr><tr><td>Comptes : Bilan financier 2025 et <a href="https://drive.google.com/file/d/1MogLXiRdwF3I9_u_nc0ivQJLDuGPh9mM/view?usp=sharing" target="_blank" rel="noreferrer noopener">Prévisionnel 2026</a></td></tr></tbody></table></figure>



<h2 class="wp-block-heading has-white-color has-vivid-cyan-blue-background-color has-text-color has-background">Assemblée générale ordinaire 2024</h2>



<figure class="wp-block-table"><table><tbody><tr><td><a href="https://drive.google.com/file/d/142vv1hi4d6zELIjJ7Swsnht1HRtm7xhB/view?usp=sharing" target="_blank" rel="noreferrer noopener">Compte rendu</a></td></tr><tr><td><a href="https://drive.google.com/file/d/1O30dZXCdvUJUBxzc8jWCFCDtFrBc9kUf/view?usp=sharing" target="_blank" rel="noreferrer noopener">Ordre du jour</a></td></tr><tr><td><a href="https://drive.google.com/file/d/1I7afTCJEaexaF9I5aaakagpPGyyvMJ2l/view?usp=sharing" target="_blank" rel="noreferrer noopener">Rapport moral de l&rsquo;association</a></td></tr><tr><td>Comptes : <a href="https://drive.google.com/file/d/1xDqSufGop8Qm89aqHc_TPP1xAS2EwdGh/view?usp=sharing" target="_blank" rel="noreferrer noopener">Bilan financier 2024</a> et <a href="https://drive.google.com/file/d/1ieJMdnMcOuk5tXKoH4JqXCjEp2-MdnAE/view?usp=sharing" target="_blank" rel="noreferrer noopener">Prévisionnel 2025</a></td></tr></tbody></table></figure>



<h2 class="wp-block-heading has-white-color has-vivid-cyan-blue-background-color has-text-color has-background">Assemblée générale ordinaire 2023</h2>



<figure class="wp-block-table"><table><tbody><tr><td><a href="https://drive.google.com/file/d/1wrp4AXyd09PJzJtxPvGpasTh_xfx4CZ8/view?usp=sharing">Compte rendu</a></td></tr><tr><td><a href="https://drive.google.com/file/d/1vsjlLoseRb8-hYmwidssRdXf_ORn9Up0/view?usp=sharing" target="_blank" rel="noreferrer noopener">Ordre du jour</a></td></tr><tr><td><a href="https://drive.google.com/file/d/13qavQ-CoaM-GOvkpYcxwwLTWJzfmpjLa/view?usp=sharing" target="_blank" rel="noreferrer noopener">Rapport moral de l&rsquo;association</a></td></tr><tr><td><a href="https://drive.google.com/file/d/1bStteS5pu2rB-gMU5-F8naVWbDZbgRbl/view?usp=sharing" target="_blank" rel="noreferrer noopener">Rapport des commission Montage et casting</a></td></tr><tr><td><a href="https://drive.google.com/file/d/1bmVukZoRGh_OWZAxjWgUzev1es91yXPB/view?usp=sharing" target="_blank" rel="noreferrer noopener">Rapport de la commission Environnement</a></td></tr><tr><td>Comptes : <a href="https://drive.google.com/file/d/1DJV2cEtt0zTusVzBaSeUXsuco2EQ0Pa2/view?usp=sharing" target="_blank" rel="noreferrer noopener">Bilan financier 2023</a> </td></tr></tbody></table></figure>



<h2 class="wp-block-heading has-white-color has-vivid-cyan-blue-background-color has-text-color has-background">Assemblée générale ordinaire 2022</h2>



<figure class="wp-block-table"><table><tbody><tr><td><a href="https://drive.google.com/file/d/1moF3L7vr2S-1V6MxuRLV_E_F8IwHpbDc/view?usp=sharing" target="_blank" rel="noreferrer noopener">Compte rendu </a></td></tr><tr><td><a href="https://drive.google.com/file/d/1Lvjq0KMW9yoDbxG57yE1d-bAzvolIDat/view?usp=sharing" target="_blank" rel="noreferrer noopener">Ordre du jour</a></td></tr><tr><td><a href="https://drive.google.com/file/d/1edxF5uqnACoaLnpxxzDTV4FyBz_ZvUSA/view?usp=sharing" target="_blank" rel="noreferrer noopener">Rapport moral de l&rsquo;association</a></td></tr><tr><td><a href="https://drive.google.com/file/d/1UoXOlRSkIiTFhA5smhudNNvH-CeBtMjn/view?usp=sharing" target="_blank" rel="noreferrer noopener">Rapport du secrétaire</a></td></tr><tr><td>Comptes : <a href="https://drive.google.com/file/d/11IuOgoHtgVRB_p1R-vaf7In9qGBxHr8e/view?usp=sharing" target="_blank" rel="noreferrer noopener">Bilan 2022</a>,  <a href="https://drive.google.com/file/d/11b__TYqJdO8gj4qC3I6XFDWbnITLYFUg/view?usp=sharing" target="_blank" rel="noreferrer noopener">Prévisionnel 2023</a>, <a href="https://drive.google.com/file/d/1ZW-CAHiC82RpFin2e9LPpeoAbriVht1F/view?usp=sharing" target="_blank" rel="noreferrer noopener">Finances du club</a>  </td></tr></tbody></table></figure>



<h2 class="wp-block-heading has-white-color has-vivid-cyan-blue-background-color has-text-color has-background">Assemblées générales précédentes</h2>



<figure class="wp-block-table"><table><tbody><tr><td><a href="https://drive.google.com/file/d/1JLlG6VccJD_iwM76xcBi-58fwx33YJMW/view?usp=sharing" target="_blank" rel="noreferrer noopener">Compte rendu de l&rsquo;assemblée générale du 4 décembre 2021</a></td></tr></tbody></table></figure>

<p>Vous trouverez ci-dessous les différents documents officiels du club Documents officiels CML Statuts du club en date du 14 décembre 2025 Règlement intérieur du club en date du 14 Décembre 2025 Membres du conseil d&rsquo;administration, du bureau Attestation de domiciliation du club Récépissé de déclaration de modification des statuts et du siège social du club &hellip; </p>
<p class="link-more"><a href="https://www.club-mouche-languedoc.fr/index.php/documents-officiels-du-club/" class="more-link">Continuer la lecture<span class="screen-reader-text"> de &laquo;&nbsp;Documents officiels du club&nbsp;&raquo;</span></a></p>
